 and 60140.
20
Calculate the highest common divisor of 5490 and 8415.
45
Calculate the highest common divisor of 132 and 37983.
33
What is the highest common factor of 2422 and 504?
14
Calculate the highest common divisor of 25984 and 899.
29
Calculate the highest common divisor of 544 and 5712.
272
Calculate the highest common divisor of 16 and 105316.
4
Calculate the greatest common factor of 12159 and 203.
7
Calculate the highest common factor of 279 and 57412.
31
Calculate the greatest common factor of 176 and 5786.
22
Calculate the greatest common divisor of 51680 and 228.
76
Calculate the greatest common factor of 1380 and 860.
20
What is the greatest common factor of 900 and 600700?
100
Calculate the greatest common factor of 246 and 23880.
6
What is the greatest common divisor of 4469 and 53956?
41
Calculate the highest common factor of 534 and 69064.
178
What is the greatest common divisor of 708828 and 12?
12
What is the highest common factor of 245 and 283885?
35
What is the highest common divisor of 750 and 172440?
30
Calculate the greatest common divisor of 855 and 18945.
45
What is the highest common factor of 458769 and 186?
93
Calculate the greatest common factor of 4554 and 260061.
69
Calculate the greatest common divisor of 1285 and 72217.
257
Calculate the highest common factor of 1578 and 14728.
526
What is the greatest common factor of 52580 and 4752?
44
What is the highest common factor of 18 and 1962?
18
Calculate the greatest common divisor of 780 and 208.
52
Calculate the highest common divisor of 1988 and 19068.
28
What is the highest common factor of 751672 and 1224?
136
Calculate the greatest common factor of 6210 and 7290.
270
What is the greatest common factor of 35471 and 4939?
449
What is the greatest common divisor of 40000 and 5?
5
What is the highest common divisor of 22850 and 475?
25
Calculate the greatest common factor of 3179 and 33.
11
Calculate the highest common divisor of 845 and 4849.
13
Calculate the highest common factor of 1331 and 4840.
121
Calculate the highest common divisor of 775 and 80.
5
Calculate the greatest common factor of 41778 and 14058.
198
Calculate the greatest common factor of 1531002 and 132.
66
Calculate the highest common factor of 86 and 724.
2
What is the greatest common divisor of 1659 and 1996883?
553
Calculate the highest common factor of 3275068 and 76.
76
What is the highest common divisor of 1358 and 543782?
194
Calculate the greatest common factor of 25346 and 10730.
58
What is the greatest common divisor of 30 and 7534?
2
Calculate the highest common factor of 30076 and 33784.
412
Calculate the highest common factor of 343647 and 45.
9
Calculate the greatest common factor of 38232 and 192.
24
Calculate the highest common factor of 98648 and 320.
8
What is the highest common divisor of 127934 and 3572?
94
What is the highest common divisor of 13298 and 1586?
122
Calculate the highest common divisor of 22601 and 2796.
233
Calculate the highest common divisor of 3054 and 12348.
6
What is the highest common divisor of 3894801 and 723?
723
Calculate the greatest common divisor of 728 and 41104.
56
What is the greatest common factor of 80 and 3213320?
40
Calculate the highest common factor of 630 and 1207920.
210
What is the greatest common factor of 759 and 111941?
23
Calculate the greatest common divisor of 738 and 40918.
82
What is the highest common factor of 38 and 27344002?
38
Calculate the greatest common factor of 2079 and 2244.
33
Calculate the greatest common divisor of 77210 and 28.
14
What is the highest common factor of 255 and 613740?
15
Calculate the highest common divisor of 5526787 and 371.
371
Calculate the greatest common divisor of 52 and 823693.
13
What is the highest common divisor of 750 and 7110?
30
Calculate the highest common divisor of 56 and 146776.
56
Calculate the greatest common factor of 71 and 986900.
71
What is the greatest common divisor of 14 and 50596?
14
Calculate the highest common divisor of 55 and 18310.
5
Calculate the greatest common divisor of 32508 and 16956.
108
What is the highest common divisor of 2324 and 14644?
28
What is the greatest common divisor of 44655 and 2535?
195
What is the highest common factor of 200583 and 92?
23
Calculate the highest common divisor of 1379 and 707.
7
Calculate the highest common divisor of 4715 and 177284.
943
What is the greatest common divisor of 176 and 33848?
8
Calculate the highest common divisor of 19886 and 109862.
326
What is the highest common factor of 735552 and 9792?
576
What is the highest common factor of 220 and 63789?
11
Calculate the highest common divisor of 90 and 9474.
6
What is the highest common divisor of 5621777 and 43?
43
What is the greatest common factor of 878288 and 1088?
272
What is the greatest common factor of 253425 and 103550?
2725
What is the highest common factor of 4256 and 3472?
112
Calculate the greatest common factor of 475886 and 1939.
277
Calculate the greatest common divisor of 190944 and 378.
54
What is the highest common factor of 75 and 11035?
5
What is the highest common factor of 381 and 5133?
3
What is the greatest common divisor of 4117 and 575?
23
Calculate the highest common divisor of 998770 and 70.
10
What is the greatest common factor of 104124 and 4?
4
Calculate the highest common factor of 992 and 3844.
124
Calculate the greatest common divisor of 999 and 5439.
111
What is the greatest common factor of 4370 and 9234?
38
What is the greatest common factor of 53676 and 1136?
284
What is the highest common divisor of 361 and 125514?
19
Calculate the greatest common divisor of 93520 and 1680.
560
Calculate the highest common divisor of 1002350 and 125.
25
Calculate the greatest common divisor of 2758 and 77618.
394
Calculate the greatest common factor of 118 and 122189.
59
Calculate the highest common factor of 49491 and 13959.
1269
What is the greatest common factor of 19459 and 5104?
319
What is the highest common divisor of 174720 and 338?
26
Calculate the highest common factor of 207 and 95841.
207
What is the greatest common factor of 570 and 120?
30
What is the greatest common factor of 22253 and 935?
187
Calculate the greatest common factor of 9 and 1773.
9
Calculate the greatest common factor of 1144825 and 69.
23
What is the highest common divisor of 1634391 and 54?
27
What is the greatest common divisor of 850862 and 212?
106
Calculate the greatest common divisor of 8864 and 528.
16
Calculate the highest common divisor of 183209 and 68.
17
Calculate the greatest common divisor of 39 and 3456.
3
What is the greatest common divisor of 832 and 2544?
16
What is the highest common factor of 5254 and 592?
74
What is the highest common factor of 31913 and 5499?
47
What is the highest common divisor of 49567 and 33271?
679
Calculate the greatest common factor of 6419 and 6664.
49
Calculate the greatest common factor of 7155 and 189.
27
Calculate the greatest common divisor of 441 and 309288.
147
Calculate the greatest common divisor of 500780 and 14.
14
What is the highest common divisor of 128419 and 159?
53
Calculate the greatest common divisor of 1188 and 748.
44
Calculate the highest common factor of 3222 and 10144467.
1611
What is the highest common divisor of 40 and 1405?
5
Calculate the highest common divisor of 11042 and 1.
1
What is the greatest common divisor of 15421 and 336?
7
Calculate the greatest common factor of 299383 and 133.
133
Calculate the greatest common divisor of 522 and 15254.
58
What is the highest common factor of 5454 and 1890?
54
What is the highest common divisor of 8268 and 143?
13
Calculate the greatest common factor of 19425 and 525.
525
Calculate the highest common divisor of 3636 and 50364.
36
What is the greatest common factor of 1339 and 57371?
103
What is the highest common factor of 16288 and 384?
32
What is the greatest common divisor of 27626 and 950?
38
What is the highest common factor of 206121 and 58428?
1623
Calculate the highest common divisor of 183039 and 388.
97
Calculate the highest common factor of 480 and 92880.
240
What is the highest common divisor of 20 and 47048?
4
What is the highest common factor of 20227 and 54774?
179
What is the greatest common factor of 811408 and 312?
104